6 and 768?
96
What is the highest common factor of 20 and 2476340?
20
What is the highest common divisor of 702 and 174312?
54
What is the greatest common factor of 6 and 129423?
3
Calculate the greatest common divisor of 6600 and 2872650.
1650
What is the greatest common factor of 128 and 2404?
4
What is the highest common factor of 31 and 43400?
31
Calculate the greatest common factor of 1142349 and 1989.
663
What is the greatest common factor of 799 and 734281?
799
Calculate the highest common divisor of 603 and 6589785.
201
What is the highest common factor of 5 and 1391095?
5
Calculate the greatest common factor of 254788 and 4.
4
Calculate the highest common divisor of 155 and 54095.
155
Calculate the greatest common factor of 52704 and 80.
16
Calculate the greatest common factor of 930 and 375.
15
What is the greatest common factor of 1545 and 102?
3
Calculate the highest common factor of 5218 and 34.
2
What is the greatest common divisor of 109604 and 2726?
94
What is the greatest common divisor of 98 and 77868?
14
Calculate the greatest common factor of 1250 and 4.
2
What is the highest common divisor of 92 and 3524?
4
Calculate the greatest common divisor of 205 and 358217.
41
What is the greatest common factor of 810 and 14660?
10
What is the greatest common divisor of 4740652 and 196?
196
What is the greatest common factor of 187359 and 1557?
519
What is the greatest common factor of 129 and 2180186?
43
Calculate the greatest common factor of 50 and 107875.
25
Calculate the greatest common factor of 23266269 and 117.
117
What is the greatest common factor of 110 and 23540?
110
Calculate the highest common divisor of 762 and 122301.
381
What is the highest common divisor of 5850 and 13560?
30
Calculate the greatest common divisor of 465283 and 1911.
91
What is the highest common divisor of 102466 and 140?
14
What is the greatest common factor of 1378 and 260?
26
Calculate the greatest common factor of 424 and 145096.
8
Calculate the greatest common factor of 60 and 21.
3
Calculate the highest common factor of 8646 and 5489.
11
What is the greatest common factor of 320 and 2022880?
160
What is the greatest common factor of 1176 and 511168?
392
Calculate the greatest common factor of 39 and 1759277.
13
Calculate the greatest common factor of 6545 and 9097.
11
What is the greatest common divisor of 4459106 and 2644?
1322
What is the highest common factor of 14 and 257551?
7
What is the greatest common divisor of 246 and 90282?
246
What is the greatest common factor of 6207216 and 6408?
2136
Calculate the highest common divisor of 110709 and 144.
9
Calculate the greatest common divisor of 1156 and 7046976.
1156
Calculate the greatest common factor of 81955 and 4810.
185
What is the greatest common factor of 66858 and 297?
33
Calculate the highest common factor of 602 and 189.
7
What is the highest common factor of 374967 and 3415?
683
What is the highest common factor of 345 and 5640?
15
Calculate the greatest common divisor of 778921 and 429.
143
What is the greatest common factor of 6600 and 20200?
200
What is the greatest common factor of 36 and 12164?
4
What is the greatest common factor of 10206 and 243?
243
Calculate the greatest common divisor of 10 and 221015.
5
What is the greatest common divisor of 26973 and 111?
111
What is the greatest common divisor of 1568164 and 689?
689
Calculate the highest common factor of 738358 and 496.
62
What is the highest common factor of 740 and 177230?
370
Calculate the greatest common divisor of 4856 and 376.
8
Calculate the greatest common divisor of 176 and 80762.
22
What is the highest common divisor of 122111 and 935?
187
Calculate the greatest common divisor of 451584 and 192.
192
Calculate the highest common divisor of 23320 and 545900.
1060
Calculate the highest common factor of 8925 and 27825.
525
Calculate the greatest common factor of 30016 and 12060.
268
What is the greatest common factor of 16583 and 5665?
103
What is the greatest common divisor of 2327 and 56027?
179
Calculate the highest common factor of 5109 and 148554.
393
What is the greatest common divisor of 167041 and 7?
7
Calculate the highest common divisor of 14980 and 29660.
20
Calculate the highest common factor of 7991 and 2257.
61
Calculate the highest common divisor of 32963 and 2737.
119
What is the highest common divisor of 8 and 1894688?
8
Calculate the highest common divisor of 3983 and 287.
7
What is the greatest common divisor of 656 and 3856?
16
What is the highest common divisor of 515614 and 66?
22
What is the greatest common factor of 210 and 313194?
42
What is the highest common factor of 678700 and 7700?
1100
Calculate the highest common factor of 148803 and 54426.
579
What is the highest common divisor of 1961011 and 13?
13
What is the greatest common factor of 9223 and 18607?
23
Calculate the greatest common divisor of 1333 and 42054.
43
Calculate the highest common factor of 276 and 1872.
12
What is the greatest common factor of 169200 and 66270?
1410
Calculate the greatest common factor of 45 and 64305.
45
Calculate the greatest common divisor of 522 and 6228.
18
Calculate the highest common divisor of 1276635 and 30.
15
Calculate the greatest common divisor of 2133 and 1812339.
711
What is the highest common divisor of 95 and 347833?
19
What is the greatest common factor of 198210 and 42?
6
What is the highest common factor of 354044 and 1220?
244
What is the highest common divisor of 34 and 95834?
2
What is the highest common factor of 35 and 162365?
35
What is the highest common divisor of 563085 and 2160?
135
Calculate the greatest common divisor of 940 and 1726028.
188
What is the greatest common divisor of 184436 and 4?
4
Calculate the highest common factor of 7904 and 4524.
52
Calculate the greatest common factor of 315 and 75285.
315
Calculate the greatest common factor of 36 and 1925298.
18
What is the greatest common divisor of 366 and 2622?
6
Calculate the highest common factor of 2007 and 369.
9
What is the greatest common divisor of 8586 and 43956?
54
What is the greatest common divisor of 104357 and 16324?
583
What is the highest common factor of 208 and 468?
52
What is the highest common divisor of 4004 and 1769404?
364
Calculate the highest common divisor of 11303 and 889.
127
What is the highest common factor of 43214 and 56389?
527
Calculate the highest common factor of 693636 and 84.
12
What is the highest common divisor of 242 and 23034?
22
What is the highest common divisor of 9 and 205344?
9
Calculate the greatest common factor of 116 and 92249.
29
What is the highest common divisor of 4540 and 20?
20
Calculate the highest common factor of 14196 and 1950.
78
Calculate the greatest common factor of 127622 and 1298.
22
Calculate the greatest common factor of 8948497 and 757.
757
Calculate the greatest common factor of 4864 and 32512.
256
What is the greatest common factor of 7663 and 194?
97
Calculate the highest common divisor of 40 and 147080.
40
Calculate the highest common factor of 2035 and 4235.
55
What is the greatest common divisor of 87 and 4203?
3
Calculate the highest common factor of 4168 and 2096.
8
What is the greatest common factor of 278 and 2665603?
139
Calculate the highest common factor of 2673 and 2772.
99
Calculate the greatest common divisor of 465 and 28020.
15
What is the greatest common divisor of 9 and 129405?
3
What is the greatest common divisor of 4352 and 714?
34
What is the highest common divisor of 11133 and 936?
9
What is the greatest common factor of 341204 and 1182?
394
Calculate the greatest common factor of 2040 and 318.
6
Calculate the greatest common factor of 4760 and 22680.
280
Calculate the greatest common divisor of 126315 and 3395.
35
Calculate the highest common divisor of 10010 and 151294.
286
Calculate the highest common factor of 771063 and 1023.
93
Calculate the greatest common divisor of 276090 and 150.
30
What is the highest common divisor of 31300 and 80?
20
Calculate the greatest common factor of 1202 and 597394.
1202
What is the greatest common divisor of 479546 and 652?
326
What is the highest common divisor of 114 and 2202404?
38
Calculate the greatest common factor of 8871417 and 59.
59
Calculate the highest common fact